{"id":1444,"date":"2026-04-21T20:03:27","date_gmt":"2026-04-21T20:03:27","guid":{"rendered":"https:\/\/999viagens.com.br\/blog\/?page_id=1444"},"modified":"2026-04-21T20:03:28","modified_gmt":"2026-04-21T20:03:28","slug":"passagens-aereas-natal-sao-paulo","status":"publish","type":"page","link":"https:\/\/999viagens.com.br\/blog\/passagens-aereas-natal-sao-paulo\/","title":{"rendered":"Passagens A\u00e9reas de (NAT) &#8211; Natal para (GRU) &#8211; S\u00e3o Paulo | 999 Viagens"},"content":{"rendered":"","protected":false},"excerpt":{"rendered":"<p>Encontre passagens a\u00e9reas de Natal para S\u00e3o Paulo com suporte humanizado 24 horas e alertas SMS antes do embarque. Voos diretos e conex\u00f5es dispon\u00edveis.<\/p>\n","protected":false},"author":4,"featured_media":1443,"parent":0,"menu_order":0,"comment_status":"closed","ping_status":"closed","template":"page-passagens.php","meta":{"_acf_changed":false,"cidade_origem":"(NAT) - Natal","cidade_destino":"(GRU) - S\u00e3o Paulo","modal":"A\u00e9reas","preco_medio":"R$ 399","duracao":"3h 20min","melhor_mes_compra":"Mar\u00e7o","slug_destino":"sao-paulo","footnotes":""},"class_list":["post-1444","page","type-page","status-publish","has-post-thumbnail","hentry"],"acf":[],"_links":{"self":[{"href":"https:\/\/999viagens.com.br\/blog\/wp-json\/wp\/v2\/pages\/1444","targetHints":{"allow":["GET"]}}],"collection":[{"href":"https:\/\/999viagens.com.br\/blog\/wp-json\/wp\/v2\/pages"}],"about":[{"href":"https:\/\/999viagens.com.br\/blog\/wp-json\/wp\/v2\/types\/page"}],"author":[{"embeddable":true,"href":"https:\/\/999viagens.com.br\/blog\/wp-json\/wp\/v2\/users\/4"}],"replies":[{"embeddable":true,"href":"https:\/\/999viagens.com.br\/blog\/wp-json\/wp\/v2\/comments?post=1444"}],"version-history":[{"count":1,"href":"https:\/\/999viagens.com.br\/blog\/wp-json\/wp\/v2\/pages\/1444\/revisions"}],"predecessor-version":[{"id":1494,"href":"https:\/\/999viagens.com.br\/blog\/wp-json\/wp\/v2\/pages\/1444\/revisions\/1494"}],"wp:featuredmedia":[{"embeddable":true,"href":"https:\/\/999viagens.com.br\/blog\/wp-json\/wp\/v2\/media\/1443"}],"wp:attachment":[{"href":"https:\/\/999viagens.com.br\/blog\/wp-json\/wp\/v2\/media?parent=1444"}],"curies":[{"name":"wp","href":"https:\/\/api.w.org\/{rel}","templated":true}]}}